- 28 = 22. Suppose 28 = -8*t + k*t. Calculate the remainder when 40 is divided by t.
12
Let s(t) be the third derivative of t**4/4 - 2*t**3/3 - 3*t**2. Calculate the remainder when s(7) is divided by 13.
12
Suppose g - 364 = -3*g. Let i = g + -56. What is the remainder when i is divided by 18?
17
Let i = -10 - -23. Let f = -7 + 11. What is the remainder when i is divided by f?
1
Let x = -16 - -32. Calculate the remainder when 79 is divided by x.
15
Suppose 108 = 13*u - 178. Calculate the remainder when u is divided by 8.
6
Let h = 88 + -33. Suppose -k + h = 5*o, -3*o - 2*k = -0*k - 40. What is the remainder when o is divided by 4?
2
Let v(u) = u**3 + 4*u + 20*u**2 + 0*u**3 - 11*u**2 - 5. What is the remainder when v(-8) is divided by 7?
6
Let n(z) = -z**3 + z**2 - z + 14. Let w = 3 - 3. Calculate the remainder when 27 is divided by n(w).
13
Suppose 0*l - y + 10 = 4*l, 0 = 5*y + 10. Suppose -2*o + 115 = l*o. What is the remainder when 68 is divided by o?
22
Suppose -2*z = 3*s - 4*s + 57, -3*z + 173 = 4*s. What is the remainder when s is divided by 25?
22
Let h(g) = -5 - g**2 - 1 - 2*g**2 + 4*g**2. What is the remainder when h(10) is divided by 32?
30
Suppose y - 3*y = -2*k + 36, -5*y - 106 = 3*k. Let p = 29 + y. What is the remainder when ((-100)/15)/((-2)/p) is divided by 8?
6
Suppose -2*p + 5 + 5 = 0, -50 = -5*b - p. Calculate the remainder when b is divided by 5.
4
Suppose 24 = 4*z - 2*z. Calculate the remainder when 47 is divided by z.
11
What is the remainder when 109 is divided by 22 + (-5)/((-25)/30)?
25
Suppose a + 8 = 3*t, 3*t - 3*a = 2*t. Suppose -2*d + 7 = -g, 5*d = 4*g + 8 + 2. Let y = 10 - d. Calculate the remainder when y is divided by t.
1
Calculate the remainder when 27 is divided by (-3 - -5) + (-3 - -7).
3
Suppose -2*k - 8 = -2*o, o - k - 2 = 2*k. Suppose -5*u = 3*t - 26, -u + 3*u - 18 = -o*t. Calculate the remainder when 3 is divided by t.
1
Let d(m) = m + 3. Let g be d(-1). Let k = 12 - g. Calculate the remainder when 18 is divided by k.
8
Let l be ((-2)/6)/((-2)/(-6)). Let c = -61 + 63. Calculate the remainder when c is divided by 0 + (-1 - -3) + l.
0
Suppose -5*z - 5*q = -215, q - 4*q = 2*z - 85. What is the remainder when 262 is divided by z?
42
Let o(t) = t**3 - 3*t**2 - 3. Let l be o(4). Suppose -h = -2*y + 28 - l, h = -y. Let i = 9 - y. Calculate the remainder when 14 is divided by i.
2
Suppose 4*h - 56 = -5*v, -2*h = -0*h - 5*v + 2. What is the remainder when 24 is divided by h?
6
Let i(v) = 47*v**3 + v - 1. Let q(c) = -c**3 - 5*c**2 + 6*c + 2. Let s be q(-6). Suppose -4*r = s - 6. What is the remainder when i(r) is divided by 24?
23
Suppose 34 = 4*h - 18. Let j be 1 + (2/1 - -4). Let q(a) = a**2 - 4*a + 4. What is the remainder when q(j) is divided by h?
12
Let t(x) = 5*x - 37. Let u(z) be the third derivative of z**5/60 - z**4/6 + z**3/3 - z**2. Calculate the remainder when t(8) is divided by u(4).
1
Let j = 11 - -3. Suppose 0 = 3*z - 44 - 115. What is the remainder when z is divided by j?
11
Suppose -3*c = -3*y + 189, 8*c = 2*y + 3*c - 123. Suppose u - y = -3*u. What is the remainder when -6*(u/(-6))/2 is divided by 3?
2
Calculate the remainder when 16 is divided by (-8)/(-5)*(-35)/(-7).
0
Suppose 0 = 4*x - 5*g - 4, -2*g = -3*x - g - 8. Let k be 2/x*(-8)/1. Suppose 40 = k*i + i. Calculate the remainder when i is divided by 3.
2
Let f(p) = -3*p**2 + 6*p - 1. Let v be f(4). Let j = -13 - v. Suppose -25 = -4*q + 3. What is the remainder when j is divided by q?
5
Let u(p) = -p**3 - 4*p**2 + 4*p + 9. Calculate the remainder when u(-5) is divided by 9.
5
What is the remainder when 2 + 9/2*6 is divided by 11?
7
Let t(p) be the second derivative of p**3/2 + 2*p. Let g(z) = 3*z. Let y(u) = 4*g(u) - 3*t(u). Calculate the remainder when y(4) is divided by 7.
5
Let q = -42 + 24. Calculate the remainder when (-518)/q + (-2)/(-9) is divided by 10.
9
Let k(v) = 2*v**3 - v - 1. Let h be k(-1). What is the remainder when 11 is divided by (0 - -4)*(h - -3)?
3
Let v = -28 + 41. Let q be 1/4*2*0. Suppose q = r + 3, -2*t + 2*r = -3*r - 25. What is the remainder when v is divided by t?
3
Let a = 7 - 26. Let k be 25*(2 + 0) + -2. Let c = a + k. What is the remainder when c is divided by 15?
14
Let f(p) = -p + 1. Let c be f(-2). Suppose 2*q + 107 = c*a, 3*a - 2*q = -5*q + 102. Calculate the remainder when a is divided by (-208)/(-12) + 6/9.
17
Let b be 3/12 + 4/(-16). Suppose -o + b*o + 10 = 0. What is the remainder when o is divided by 2?
0
Suppose v - 3*v + u + 66 = 0, -4*v + 140 = -4*u. Calculate the remainder when v is divided by 16.
15
What is the remainder when 69 is divided by (-6)/4 - 106/(-4)?
19
Suppose -2*h + 30 = 4. Let t(o) = o**2 - 18*o + 27. Let l be t(19). Calculate the remainder when l/(-8)*4/(-1) is divided by h.
10
Let o = 109 + -62. What is the remainder when o is divided by 16?
15
Suppose -u - 13 = 4*a - 5*a, -3*a = -4*u - 38. Suppose -2*v + s + 3 = 0, v + 4*s + 3 = -0*s. Calculate the remainder when (-29)/(-1) - 1 - v is divided by a.
13
Let c(d) = 7*d**2 - 3*d + 3. Let a be c(2). Let o = a + -15. Calculate the remainder when 19 is divided by o.
9
Suppose -2*l = -l + 5*u - 63, 2*l - 108 = -u. Calculate the remainder when l is divided by 14.
11
Let y = 16 + -3. Let p = y - 1. Calculate the remainder when ((-8)/(-6))/(2/51) is divided by p.
10
Let b(t) = -t + 50. Let y be 0/(-1*(3 - 2)). Calculate the remainder when b(y) is divided by 17.
16
Let g = -82 + 119. Suppose 6*z - 8*z = -26. Calculate the remainder when g is divided by z.
11
Let r = 42 + -39. What is the remainder when 4 is divided by r?
1
Let g = 7 - 22. Let j = 22 + g. What is the remainder when 27 is divided by j?
6
Let u(z) = 2*z + 1. Suppose 0*s + 4 = s. Suppose -31 = -3*x + 4*r, 0*r + 56 = 3*x + r. Calculate the remainder when x is divided by u(s).
8
Let q be (-3)/(-1*(-2 + 3)). Suppose -2*x + q*x - 32 = 0. What is the remainder when x is divided by 9?
5
Let b = -36 - -56. Let m(k) = 4*k - 1. Let t be m(2). Suppose s = 4 + t. What is the remainder when b is divided by s?
9
Let b = 101 - -124. Suppose -4*s = -5*l - 0*l + b, 5*s = l - 24. What is the remainder when l is divided by 25?
24
What is the remainder when (-1 - 2) + (-5 - -38) is divided by 8?
6
Let x be 8/3 + 3/9. Let g be (x/(-1))/((-1)/(-7)). Let q = g - -37. What is the remainder when 45 is divided by q?
13
Suppose -14 = -4*t - 42. What is the remainder when t/(2 - (5 - 2)) is divided by 3?
1
Let a(g) = 13*g - 11. Let c(r) be the first derivative of -2*r**2 + 4*r - 2. Let l(i) = -3*a(i) - 8*c(i). Calculate the remainder when 15 is divided by l(-1).
7
Let k(d) = 2*d - 5. Let a be k(5). Let h be (26/4)/(2/4). Suppose z + h = a*f - 0, 3*z + 3*f = 33. What is the remainder when 19 is divided by z?
5
Let r(d) = d**3 + 9*d**2 + 4*d - 7. Suppose 3*i - 55 = -2*u, 35 = -0*i + 4*i - 5*u. Calculate the remainder when r(-4) is divided by i.
12
Let b be 14/10 + 6/(-15). Let n be (1/(-2) + b)*0. Suppose -4*o + 68 + 0 = n. Calculate the remainder when o is divided by 6.
5
Suppose 28 = -k + 3*k + 3*d, 0 = k + 2*d - 13. What is the remainder when 50 is divided by k?
16
Suppose -2*x + x + 5 = -3*r, 4*x - 20 = r. Suppose 0 = -x*f + 6*f + 2*p - 30, -70 = -2*f + p. What is the remainder when f is divided by 12?
10
Suppose 4*b - 102 + 26 = 0. Calculate the remainder when 75 is divided by b.
18
Let v = -1 - 1. Let n = v - 4. Let r = 12 + n. Calculate the remainder when 10 is divided by r.
4
Let n = 65 - 59. What is the remainder when 16 is divided by n?
4
Let y = -92 + 180. Calculate the remainder when y is divided by 15.
13
Suppose -3 = -5*z + 17. What is the remainder when 9 is divided by z?
1
Suppose 5*j = -2*l + 387, 0 = 3*j + l - 242 + 10. Suppose j = 5*x - 73. Let m = -2 - -18. Calculate the remainder when x is divided by m.
14
Let d = 5 - 3. Suppose -y - 16 = -d*y. Calculate the remainder when 47 is divided by y.
15
Suppose -2*i - i = 5*l - 25, -2*l - i = -9. What is the remainder when -2*l/4 + 36 is divided by 18?
17
Let i(w) = w - 9. Let h be i(0). Let g(p) = p + 12. What is the remainder when 3 is divided by g(h)?
0
Calculate the remainder when (365/(-30))/(4/(-24)) is divided by 25.
23
Let d = 10 - 10. Let m(y) be the first derivative of y**4/4 - y**3/3 - y**2/2 + 11*y + 1. Calculate the remainder w